?
5
What is the ten thousands digit of 132177?
3
What is the thousands digit of 1110?
1
What is the hundreds digit of 203?
2
What is the ten thousands digit of 75952?
7
What is the hundreds digit of 4933?
9
What is the units digit of 5868?
8
What is the hundreds digit of 392?
3
What is the tens digit of 1317?
1
What is the ten thousands digit of 35440?
3
What is the thousands digit of 36454?
6
What is the units digit of 38?
8
What is the thousands digit of 7127?
7
What is the hundreds digit of 23495?
4
What is the tens digit of 82589?
8
What is the hundreds digit of 7730?
7
What is the hundreds digit of 188935?
9
What is the tens digit of 779?
7
What is the tens digit of 23298?
9
What is the thousands digit of 1192?
1
What is the hundreds digit of 20795?
7
What is the units digit of 2493?
3
What is the tens digit of 6455?
5
What is the thousands digit of 23704?
3
What is the units digit of 28624?
4
What is the tens digit of 6866?
6
What is the hundreds digit of 430?
4
What is the units digit of 5022?
2
What is the units digit of 294?
4
What is the thousands digit of 9573?
9
What is the thousands digit of 4996?
4
What is the hundreds digit of 3305?
3
What is the thousands digit of 2097?
2
What is the thousands digit of 3979?
3
What is the units digit of 49709?
9
What is the tens digit of 13956?
5
What is the tens digit of 1932?
3
What is the thousands digit of 58345?
8
What is the tens digit of 131287?
8
What is the ten thousands digit of 48661?
4
What is the thousands digit of 4811?
4
What is the units digit of 176729?
9
What is the tens digit of 7405?
0
What is the ten thousands digit of 13775?
1
What is the thousands digit of 3642?
3
What is the thousands digit of 4236?
4
What is the hundreds digit of 299?
2
What is the units digit of 5276?
6
What is the tens digit of 56261?
6
What is the tens digit of 22843?
4
What is the tens digit of 1858?
5
What is the tens digit of 3593?
9
What is the hundreds digit of 1279?
2
What is the thousands digit of 11210?
1
What is the units digit of 4730?
0
What is the hundreds digit of 18211?
2
What is the tens digit of 1539?
3
What is the units digit of 5424?
4
What is the thousands digit of 1435?
1
What is the hundreds digit of 1253?
2
What is the thousands digit of 7261?
7
What is the ten thousands digit of 32453?
3
What is the hundreds digit of 485?
4
What is the hundred thousands digit of 122894?
1
What is the tens digit of 112?
1
What is the ten thousands digit of 10502?
1
What is the ten thousands digit of 40919?
4
What is the thousands digit of 32534?
2
What is the tens digit of 338?
3
What is the units digit of 81533?
3
What is the units digit of 847?
7
What is the hundreds digit of 681?
6
What is the units digit of 103760?
0
What is the thousands digit of 8224?
8
What is the tens digit of 1254?
5
What is the units digit of 570?
0
What is the tens digit of 1047?
4
What is the tens digit of 18501?
0
What is the hundreds digit of 846?
8
What is the ten thousands digit of 54826?
5
What is the hundreds digit of 6776?
7
What is the hundreds digit of 396?
3
What is the tens digit of 4778?
7
What is the tens digit of 3552?
5
What is the units digit of 119?
9
What is the hundreds digit of 162?
1
What is the thousands digit of 2584?
2
What is the thousands digit of 5010?
5
What is the tens digit of 192?
9
What is the units digit of 3239?
9
What is the thousands digit of 52403?
2
What is the units digit of 17958?
8
What is the units digit of 838?
8
What is the tens digit of 13108?
0
What is the tens digit of 17227?
2
What is the units digit of 1655?
5
What is the ten thousands digit of 39875?
3
What is the tens digit of 302?
0
What is the tens digit of 2786?
8
What is the units digit of 494?
4
What is the tens digit of 830?
3
What is the thousands digit of 84104?
4
What is the tens digit of 3741?
4
What is the tens digit of 2435?
3
What is the hundreds digit of 44750?
7
What is the thousands digit of 3282?
3
What is the tens digit of 3691?
9
What is the thousands digit of 2464?
2
What is the hundreds digit of 35074?
0
What is the tens digit of 116289?
8
What is the tens digit of 130413?
1
What is the units digit of 958?
8
What is the tens digit of 25771?
7
What is the units digit of 8?
8
What is the units digit of 9089?
9
What is the ten thousands digit of 24705?
2
What is the hundreds digit of 1132?
1
What is the thousands digit of 7991?
7
What is the hundreds digit of 36132?
1
What is the thousands digit of 2850?
2
What is the units digit of 1502?
2
What is the units digit of 5683?
3
What is the hundreds digit of 2047?
0
What is the units digit of 87190?
0
What is the tens digit of 37782?
8
What is the hundreds digit of 986?
9
What is the thousands digit of 20256?
0
What is the tens digit of 1829?
2
What is the ten thousands digit of 39968?
3
What is the units digit of 3379?
9
What is the hundreds digit of 2591?
5
What is the units digit of 8669?
9
What is the hundreds digit of 648?
6
What is the thousands digit of 1492?
1
What is the units digit of 372?
2
What is the hundreds digit of 32566?
5
What is the thousands digit of 13665?
3
What is the ten thousands digit of 18809?
1
What is the tens digit of 2375?
7
What is the ten thousands digit of 41970?
4
What is the hundreds digit of 333?
3
What is the units digit of 28049?
9
What is the tens digit of 1536?
3
What is the hundreds digit of 921?
9
What is the tens digit of 2941?
4
What is the tens digit of 89217?
1
What is the units digit of 20428?
8
What is the hundreds digit of 68505?
5
What is the hundreds digit of 846?
8
What is the thousands digit of 119477?
9
What is the units digit of 8740?
0
What is the thousands digit of 6950?
6
What is the tens digit of 1889?
8
What is the units digit of 5954?
4
What is the ten thousands digit of 23955?
2
What is the tens digit of 124266?
6
What is the units digit of 10930?
0
What is the units digit of 1081?
1
What is the units digit of 891?
1
What is the tens digit of 68945?
4
What is the tens digit of 9578?
7
What is the units digit of 68520?
0
What is the hundreds digit of 1247?
2
What is the hundreds digit of 6260?
2
What is the ten thousands digit of 55240?
5
What is the thousands digit of 1747?
1
What is the tens digit of 75?
7
What is the thousands digit of 2995?
2
What is the tens digit of 1605?
0
What is the tens digit of 718?
1
What is the units digit of 1384?
4
What is the units digit of 3854?
4
What is the thousands digit of 1302?
1
What is the hundreds digit of 68238?
2
What is the units digit of 400?
0
What is the hundred thousands digit of 109910?
1
What is the units digit of 12626?
6
What is the tens digit of 22792?
9
What is the hundreds digit of 7950?
9
What is the hundreds digit of 896?
8
What is the units digit of 98925?
5
What is the units digit of 84428?
8
What is the thousands digit of 26761?
6
What is the tens digit of 39558?
5
What is the hundreds digit of 65432?
4
What is the tens digit of 2328?
2
What is the tens digit of 7408?
0
What is the tens digit of 109793?
9
What is the units digit of 104661?
1
What is the ten thousands digit of 13518?
1
What is the tens digit of 101?
0
What is the tens digit of 4536?
3
What is the hundreds digit of 777?
7
What is the units digit of 156?
6
What is the ten thousands digit of 45136?
4
What is the hundreds digit of 674?
6
What is the units digit of 1027?
7
What is the units digit of 4957?
7
What is the ten thousands digit of 36432?
3
What is the thousands digit of 1037?
1
What is the tens digit of 31866?
6
What is the thousands digit of 32607?
2
What is the units digit of 12684?
4
What is the tens digit of 26665?
6
What is the thousands digit of 21182?
1
What is the hundreds digit of 10123?
1
What is the units digit of 7706?
6
What is the thousands digit of 12778?
2
What is the tens digit of 16794?
9
What is the tens digit of 1104?
0
What is the units digit of 1349?
9
What is the hundreds digit of 20010?
0
What is the units digit of 890?
0
What is the units digit of 2618?
8
What is the units digit of 3079?
9
What is the hundreds digit of 38404?
4
What is the hundreds digit of 34208?
2
What is the units digit of 421?
1
What is the thousands digit of 6129?
6
What is the hundreds digit of 2508?
5
What is the thousands digit of 35439?
5
What is the hund